he hundred thousands digit of 3483190?
4
What is the units digit of 111190?
0
What is the hundred thousands digit of 791379?
7
What is the thousands digit of 5441015?
1
What is the units digit of 105330?
0
What is the tens digit of 6346?
4
What is the millions digit of 5528137?
5
What is the tens digit of 164835?
3
What is the thousands digit of 14080290?
0
What is the thousands digit of 11044224?
4
What is the hundreds digit of 20030314?
3
What is the hundreds digit of 3094487?
4
What is the thousands digit of 5388253?
8
What is the thousands digit of 1452974?
2
What is the hundred thousands digit of 6135358?
1
What is the ten thousands digit of 8572529?
7
What is the tens digit of 4899141?
4
What is the tens digit of 2819238?
3
What is the hundreds digit of 1645028?
0
What is the units digit of 28885995?
5
What is the millions digit of 3835655?
3
What is the thousands digit of 954633?
4
What is the hundred thousands digit of 4642677?
6
What is the hundred thousands digit of 30498489?
4
What is the units digit of 463332?
2
What is the tens digit of 7344465?
6
What is the ten millions digit of 14110706?
1
What is the hundred thousands digit of 4612448?
6
What is the ten thousands digit of 273550?
7
What is the millions digit of 8657805?
8
What is the hundred thousands digit of 3940735?
9
What is the units digit of 5103745?
5
What is the thousands digit of 13480340?
0
What is the thousands digit of 353971?
3
What is the hundreds digit of 768310?
3
What is the millions digit of 1432101?
1
What is the units digit of 550424?
4
What is the hundred thousands digit of 243016?
2
What is the tens digit of 1612519?
1
What is the tens digit of 304123?
2
What is the hundreds digit of 216156?
1
What is the units digit of 18095878?
8
What is the tens digit of 567052?
5
What is the hundreds digit of 3998771?
7
What is the hundreds digit of 16242359?
3
What is the tens digit of 141024?
2
What is the tens digit of 666302?
0
What is the tens digit of 581750?
5
What is the hundreds digit of 2392367?
3
What is the hundreds digit of 456111?
1
What is the hundred thousands digit of 271227?
2
What is the millions digit of 1916991?
1
What is the units digit of 578546?
6
What is the thousands digit of 406106?
6
What is the thousands digit of 9057611?
7
What is the hundred thousands digit of 300591?
3
What is the tens digit of 882818?
1
What is the hundred thousands digit of 494794?
4
What is the tens digit of 46991?
9
What is the units digit of 11211885?
5
What is the hundreds digit of 291011?
0
What is the units digit of 366117?
7
What is the ten thousands digit of 323543?
2
What is the hundreds digit of 5370740?
7
What is the hundreds digit of 16061248?
2
What is the hundreds digit of 3643912?
9
What is the units digit of 1142327?
7
What is the hundreds digit of 1154990?
9
What is the hundreds digit of 759441?
4
What is the tens digit of 28160522?
2
What is the thousands digit of 10442141?
2
What is the ten millions digit of 12605101?
1
What is the ten thousands digit of 54530?
5
What is the tens digit of 2777321?
2
What is the ten thousands digit of 295564?
9
What is the units digit of 487551?
1
What is the hundred thousands digit of 4553289?
5
What is the thousands digit of 7323188?
3
What is the ten thousands digit of 7698672?
9
What is the hundreds digit of 1012666?
6
What is the hundreds digit of 8318271?
2
What is the units digit of 1393664?
4
What is the ten thousands digit of 235281?
3
What is the hundreds digit of 3899378?
3
What is the hundreds digit of 303722?
7
What is the ten thousands digit of 1107598?
0
What is the hundreds digit of 79770?
7
What is the ten millions digit of 30446909?
3
What is the ten thousands digit of 1756952?
5
What is the thousands digit of 519924?
9
What is the hundreds digit of 436901?
9
What is the thousands digit of 291543?
1
What is the units digit of 280546?
6
What is the units digit of 7027402?
2
What is the ten thousands digit of 11249031?
4
What is the thousands digit of 1011474?
1
What is the hundreds digit of 426119?
1
What is the units digit of 21324?
4
What is the tens digit of 101187?
8
What is the hundreds digit of 7630840?
8
What is the units digit of 3165995?
5
What is the ten millions digit of 17967267?
1
What is the hundred thousands digit of 147109?
1
What is the hundred thousands digit of 5464378?
4
What is the ten thousands digit of 3267727?
6
What is the units digit of 577015?
5
What is the tens digit of 1249890?
9
What is the units digit of 125249?
9
What is the thousands digit of 80857?
0
What is the ten millions digit of 12677063?
1
What is the hundred thousands digit of 8650872?
6
What is the hundreds digit of 18448391?
3
What is the units digit of 11254957?
7
What is the millions digit of 10097978?
0
What is the ten thousands digit of 12295089?
9
What is the ten thousands digit of 410709?
1
What is the units digit of 2884218?
8
What is the millions digit of 10489429?
0
What is the ten thousands digit of 12355596?
5
What is the tens digit of 2861391?
9
What is the tens digit of 3575179?
7
What is the hundreds digit of 790299?
2
What is the tens digit of 1842421?
2
What is the ten millions digit of 15680129?
1
What is the tens digit of 1484366?
6
What is the millions digit of 3786413?
3
What is the tens digit of 712719?
1
What is the millions digit of 14641914?
4
What is the units digit of 2373912?
2
What is the hundred thousands digit of 1402137?
4
What is the ten thousands digit of 98092?
9
What is the units digit of 125967?
7
What is the ten millions digit of 12529991?
1
What is the tens digit of 791479?
7
What is the thousands digit of 689607?
9
What is the tens digit of 308652?
5
What is the units digit of 1554982?
2
What is the millions digit of 5554601?
5
What is the ten thousands digit of 729524?
2
What is the millions digit of 25394232?
5
What is the hundred thousands digit of 740883?
7
What is the tens digit of 2867931?
3
What is the units digit of 381853?
3
What is the tens digit of 32205?
0
What is the ten thousands digit of 105087?
0
What is the tens digit of 14059103?
0
What is the hundreds digit of 136989?
9
What is the tens digit of 308181?
8
What is the millions digit of 6677323?
6
What is the ten thousands digit of 14769880?
6
What is the hundreds digit of 13753551?
5
What is the hundreds digit of 877003?
0
What is the ten thousands digit of 1959347?
5
What is the thousands digit of 110727?
0
What is the hundreds digit of 79830?
8
What is the tens digit of 2273184?
8
What is the hundred thousands digit of 1167792?
1
What is the hundreds digit of 1209511?
5
What is the ten millions digit of 28646846?
2
What is the thousands digit of 4984361?
4
What is the thousands digit of 9493?
9
What is the ten thousands digit of 163067?
6
What is the ten thousands digit of 74918?
7
What is the units digit of 12539?
9
What is the hundreds digit of 756052?
0
What is the hundred thousands digit of 186917?
1
What is the thousands digit of 301822?
1
What is the tens digit of 36728833?
3
What is the tens digit of 439996?
9
What is the hundreds digit of 238481?
4
What is the ten thousands digit of 476150?
7
What is the hundred thousands digit of 29863894?
8
What is the hundreds digit of 460686?
6
What is the hundred thousands digit of 340586?
3
What is the ten thousands digit of 2102938?
0
What is the ten thousands digit of 206635?
0
What is the tens digit of 291288?
8
What is the hundreds digit of 17071541?
5
What is the hundreds digit of 204463?
4
What is the thousands digit of 172472?
2
What is the millions digit of 11081507?
1
What is the ten thousands digit of 335969?
3
What is the ten millions digit of 46024668?
4
What is the tens digit of 345730?
3
What is the hundreds digit of 15071637?
6
What is the ten thousands digit of 542875?
4
What is the hundreds digit of 893694?
6
What is the ten thousands digit of 8147060?
4
What is the ten thousands digit of 899576?
9
What is the hundred thousands digit of 226472?
2
What is the hundred thousands digit of 3925372?
9
What is the units digit of 17759216?
6
What is the thousands digit of 359020?
9
What is the tens digit of 20562614?
1
What is the ten thousands digit of 572216?
7
What is the ten thousands digit of 4037743?
3
What is the ten thousands digit